
Let x(d) = -2*d**3 - 23*d**2 - 9*d - 26. What is x(-11)?
-48
Let z(x) = -1488*x - 10382. Calculate z(-7).
34
Let p(w) = 4*w**3 - 25*w**2 + 25*w - 110. Determine p(6).
4
Let p(m) = -9*m**2 + 98*m + 451. Determine p(-5).
-264
Let j(o) = -o**3 + 15*o**2 + 4*o - 320. Determine j(6).
28
Let x(t) = 30*t - 4830. Determine x(160).
-30
Let s(y) = -y**2 - 25*y - 90. Determine s(-20).
10
Let n(l) = 378*l + 1150. Calculate n(-3).
16
Let g(y) = 131*y**3 + 2*y**2 + 7*y - 8. Calculate g(1).
132
Let g(j) = -j**3 - 29*j**2 - 60*j + 108. Determine g(-26).
-360
Let w(n) = n**3 + 18*n**2 - 23*n + 16. Give w(-19).
92
Let a(g) = -6*g - 44. Give a(4).
-68
Let b(n) = 13*n**3 + 4*n**2 - 14*n - 32. What is b(-2)?
-92
Let n(s) = 4*s**2 - 113*s + 764. Give n(17).
-1
Let v(j) = -85*j - 1093. Determine v(-12).
-73
Let k(g) = 26*g + 264. Determine k(-10).
4
Let f(h) = -5*h**2 - 121*h + 14. Give f(-24).
38
Let r(b) = b**3 + b**2 - 22*b + 127. Determine r(-6).
79
Let m(u) = -3*u**2 + 18*u + 45. What is m(6)?
45
Let x(n) = -n**3 - 12*n**2 - 16*n - 148. Calculate x(-13).
229
Let b(n) = -n**2 + 6*n + 252. Determine b(27).
-315
Let o(v) = -4*v**3 - 19*v**2 + 41*v - 25. What is o(2)?
-51
Let c(l) = 2802*l - 2796. Calculate c(1).
6
Let f(l) = -167*l + 2666. What is f(16)?
-6
Let f(c) = 7*c - 24. What is f(-2)?
-38
Let l(y) = -14*y**2 + 10*y + 21. Give l(-7).
-735
Let r(u) = 7*u**3 + 341*u**2 - 51*u + 2308. Calculate r(-49).
5
Let c(p) = -p**2 + 70*p - 206. Give c(66).
58
Let w(o) = 87*o + 530. What is w(-6)?
8
Let z(d) = -455*d - 86902. Give z(-191).
3
Let k(y) = -72*y + 125. Determine k(2).
-19
Let i(j) = j**3 + 8*j**2 - 18*j - 20. Calculate i(-8).
124
Let q(p) = 55*p**2 + 1264*p - 40. Give q(-23).
-17
Let k(h) = -h**3 + 23*h**2 + 113*h + 5. Determine k(27).
140
Let r(n) = 158*n - 1034. Calculate r(7).
72
Let l(c) = 1440*c + 8700. Give l(-6).
60
Let r(q) = 170*q + 17531. Determine r(-103).
21
Let j(l) = l**3 - 14*l**2 + 30*l - 8. What is j(8)?
-152
Let o(t) = 15*t**2 - 34*t - 27. Calculate o(-8).
1205
Let r(p) = 13*p**2 + 15*p - 24. Determine r(3).
138
Let p(k) = -k**2 - 62*k - 736. Give p(-16).
0
Let z(j) = -4*j**2 + 92*j - 454. Determine z(16).
-6
Let c(s) = 821*s + 4923. Determine c(-6).
-3
Let j(w) = -w**3 + 21*w - 13. Give j(4).
7
Let g(h) = -h**3 - 119*h**2 - 3122*h - 165. Give g(-80).
-5
Let d(u) = 3*u**3 + 83*u**2 + 132*u + 53. Give d(-26).
1
Let i(l) = 185*l + 987. Determine i(-3).
432
Let a(d) = 2*d**2 + 86*d - 183. Determine a(-45).
-3
Let a(p) = p**3 - 59*p**2 - 61*p - 5. Give a(60).
-65
Let h(q) = -32*q**2 - 164*q + 162. Calculate h(-6).
-6
Let s(u) = -34*u + 165. What is s(5)?
-5
Let t(m) = 25*m - 66. What is t(0)?
-66
Let m(u) = 709*u + 12051. Give m(-17).
-2
Let a(t) = 100*t - 11912. Give a(119).
-12
Let p(h) = 17*h - 385. Give p(7).
-266
Let r(j) = -j**3 + 38*j**2 - 80*j + 301. Calculate r(36).
13
Let u(g) = -2*g**2 + 360*g - 3168. Give u(9).
-90
Let j(w) = w**3 + 15*w**2 - 37*w - 34. What is j(-17)?
17
Let g(u) = 173*u - 2598. Give g(15).
-3
Let t(g) = 11*g - 104. What is t(21)?
127
Let h(a) = 5*a**3 - 6*a**2 - 14*a + 3. Give h(-2).
-33
Let f(j) = j**3 - 17*j**2 - 2*j + 115. What is f(17)?
81
Let w(p) = 916*p - 8434. What is w(9)?
-190
Let s(r) = -957*r + 22965. Calculate s(24).
-3
Let l(r) = 9*r**2 - 38*r - 18. What is l(8)?
254
Let y(t) = 3*t**3 - 48*t**2 + 15*t + 44. Calculate y(16).
284
Let p(t) = -8*t + 1322. Give p(170).
-38
Let g(c) = -5*c**2 + 118*c + 2629. Calculate g(-14).
-3
Let h(d) = 404*d**2 - 4040*d - 5. What is h(10)?
-5
Let y(z) = z**3 + 5*z**2 - 17*z - 19. What is y(-7)?
2
Let p(m) = -7*m**2 - 32*m - 4. What is p(-10)?
-384
Let u(r) = 188*r**3 - 4*r + 3. Give u(1).
187
Let j(a) = -a**3 + 23*a**2 - 12*a + 27. Give j(23).
-249
Let o(p) = 6*p**3 - 9*p**2 - 2*p + 2. Determine o(3).
77
Let x(j) = -46*j + 1626. Determine x(36).
-30
Let q(m) = -m**2 + 99*m - 2405. Calculate q(48).
43
Let f(c) = c**2 - 11*c + 12. Calculate f(7).
-16
Let f(j) = j**3 - 10*j**2 + 31*j - 124. What is f(8)?
-4
Let l(c) = c**3 + 16*c**2 - 20*c - 23. Determine l(-17).
28
Let w(u) = -159*u - 5417. Calculate w(-34).
-11
Let j(m) = 13*m**2 - 187*m + 19. Calculate j(13).
-215
Let n(g) = -g**2 + 155*g - 3576. Determine n(128).
-120
Let i(w) = 5*w**3 - 40*w**2 + 4386*w - 35094. Determine i(8).
-6
Let x(y) = -y**2 - 95*y - 1032. Determine x(-12).
-36
Let h(l) = -15*l**2 + 131*l - 130. Calculate h(1).
-14
Let a(o) = -2*o**2 - 82*o + 251. What is a(-42)?
167
Let l(t) = 10*t**2 + 241*t + 459. Calculate l(-22).
-3
Let g(v) = -v**3 - 6*v**2 + 14*v + 8. Calculate g(-8).
24
Let y(h) = h**3 - 21*h**2 - 178*h - 95. Give y(-6).
1
Let o(p) = 2*p**2 + 88*p - 1028. What is o(10)?
52
Let o(i) = -i**2 - 60*i - 264. Give o(-54).
60
Let b(u) = -316*u**2 + 321*u + 1. Determine b(1).
6
Let z(k) = -249*k + 2043. Calculate z(8).
51
Let a(b) = 10*b**2 - 1219*b + 1181. Determine a(121).
92
Let a(k) = 403*k + 8229. What is a(-20)?
169
Let d(k) = k**3 + 22*k**2 + 109*k - 48. Give d(-10).
62
Let o(v) = v**3 + 27*v**2 + 51*v + 27. Calculate o(-25).
2
Let w(d) = 5*d**3 + 170*d**2 + d + 51. Calculate w(-34).
17
Let i(c) = -43*c**2 - 559*c + 24. Determine i(-13).
24
Let y(x) = -16*x - 1270. Determine y(-73).
-102
Let z(s) = -10*s**3 + 3*s**2 - 3*s - 9. Determine z(-2).
89
Let v(l) = -38*l - 2076. Calculate v(-61).
242
Let d(v) = -v**3 - 109*v**2 + 113*v + 294. What is d(-110)?
-36
Let g(u) = 2*u**3 - 241*u**2 - 1667*u + 2035. Give g(127).
3
Let n(d) = -33*d + 1037. Calculate n(36).
-151
Let y(o) = -o**2 - 25*o + 82. Give y(0).
82
Let k(w) = -2*w. Calculate k(-8).
16
Let c(b) = -b**2 + 179*b - 528. Determine c(3).
0
Let s(z) = 70*z + 4272. What is s(-61)?
2
Let l(m) = -m**2 + 107*m + 18023. Determine l(-91).
5
Let s(h) = 4*h**3 - 11*h**2 - 92*h - 189. Calculate s(7).
0
Let n(t) = 26*t - 477. What is n(18)?
-9
Let f(w) = -105*w + 80. Determine f(4).
-340
Let q(i) = -108*i + 745. Calculate q(7).
-11
Let l(x) = -x**2 + 52*x + 11204. Determine l(135).
-1
Let t(h) = -2*h**2 + 125*h + 3194. Give t(82).
-4
Let d(g) = g**3 + 18*g**2 - 3*g - 99. Determine d(-18).
-45
Let h(z) = -z**3 + 65*z**2 - 409*z + 181. Determine h(58).
7
Let t(u) = -2*u**2 + 34*u + 2246. What is t(43)?
10
Let c(b) = 8*b + 91. What is c(-17)?
-45
Let c(h) = 2*h**3 - 25*h**2 - 10*h - 128. What is c(13)?
-89
Let j(z) = 8*z**2 - 19*z - 76. What is j(6)?
98
Let k(c) = -402*c + 1175. What is k(3)?
-31
Let c(q) = 4*q - 54. What is c(11)?
-10
Let b(u) = -157*u + 6905. What is b(44)?
-3
Let r(f) = -f**3 - 10*f**2 - 2*f + 143. Determine r(0).
143
Let f(x) = 383*x + 1532. Give f(-4).
0
Let o(k) = 7*k**3 + 10*k**2 + 14*k - 41. Determine o(2).
83
Let a(g) = -4*g**2 - 9*g - 72. Give a(-7).
-205
Let k(g) = -g**3 + 33*g**2 + 60*g + 104. Determine k(35).
-246
Let t(r) = -r**3 + 18*r**2 + 62*r - 91. What is t(21)?
-112
Let w(t) = -2*t**2 - 238*t - 470. What is w(-117)?
-2
Let v(t) = 97*t + 4. What is v(1)?
101
Let h(p) = 2*p**3 - 2*p**2 - 11*p - 13. What is h(-3)?
-52
Let g(h) = 27*h**3 + h**2 + 9*h - 18. Calculate g(2).
220
Let j(t) = -9*t**2 + 54*t - 2. Give j(5).
43
Let t(w) = -w**3 + 15*w**2 + 3*w - 30. Give t(15).
15
Let i(n) = 314*n**2 + 2508*n - 15. What is i(-8)?
17
Let x(f) = 2*f**2 - 19*f - 901. What is x(-17)?
0
Let p(d) = 2*d**2 - 210*d + 5038. What is p(68)?
6
Let o(x) = x**3 - 9*x**2 + x + 17. Give o(7).
-74
Let u(m) = 15*m - 608. Calculate u(44).
52
Let s(x) = -12*x**2 - 74*x - 16. Determine s(-6).
-4
Let j(h) = 26*h + 2316. What is j(-89)?
2
Let i(g) = 256*g + 5273. Calculate i(-21).
-103
Let n(b) = 2*b**3 - 139*b**2 - 67*b - 206. Give n(70).
4
Let n(l) = 34*l**2 - 2*l - 2. Determine n(-1).
34
Let a(d) = d**3 + 36*d**2 + 2*d + 50. Determine a(-36).
-22
Let f(y) = -y**3 + 4*y**2 - 14*y - 32. Calculate f(7).
-277
Let b(j) = -17*j**2 - 34*j. Calculate b(5).
-595
Let k(u) = -21*u**3 - 2*u**2 + 2*u + 2. Give k(2).
-170
Let r(a) = 118*a**2 + 1188*a - 10. What is r(-10)?
-90
Let p(j) = 7*j**2 - 56*j - 11. Calculate p(8).
-11
Let r(t) = -2*t - 2. What is r(2)?
-6
Let z(a) = -a**3 + 2*a**2 - 38*a + 119. What is z(4)?
-65
Let x(n) = -8860*n - 17715. Give x(-2).
5
Let n(c) = -14*c - 98. Calculate n(-14).
98
Let x(v) = -10440*v + 62629. What is x(6)?
-11
Let t(i) = 2*i**3 - 29*i**2 - 46*i - 59. Give t(16).
-27
Let w(t) = -4*t**2 + 6*t - 56. Determine w(5).
-